{"id":109,"date":"2022-01-06T16:05:45","date_gmt":"2022-01-06T15:05:45","guid":{"rendered":"https:\/\/chateaudepailhes.fr\/?page_id=109"},"modified":"2025-02-28T09:19:12","modified_gmt":"2025-02-28T08:19:12","slug":"decouvrir-le-lieu","status":"publish","type":"page","link":"https:\/\/chateaudepailhes.fr\/index.php\/decouvrir-le-lieu\/","title":{"rendered":"D\u00e9couvrir le lieu"},"content":{"rendered":"\n<p> Le Ch\u00e2teau de Pailh\u00e8s est une propri\u00e9t\u00e9 priv\u00e9e. <\/p>\n\n\n\n<p>Il est ouvert au public durant quelques dates dans l&rsquo;ann\u00e9e et lors de manifestations de l&rsquo;association.<\/p>\n\n\n\n<p><\/p>\n\n\n\n<p> En g\u00e9n\u00e9ral, aux journ\u00e9es du patrimoine en  septembre (le troisi\u00e8me week-end). <\/p>\n\n\n\n<p><\/p>\n\n\n\n<p><\/p>\n\n\n\n<p>Le programme sur     <a href=\"https:\/\/journeesdupatrimoine.culture.gouv.fr\/programme#\/pinpoints\/51594695\">https:\/\/journeesdupatrimoine.culture.gouv.fr<\/a><a href=\"https:\/\/journeesdupatrimoine.culture.gouv.fr\/\">\/<\/a><\/p>\n\n\n\n<ul class=\"wp-block-list\">\n<li>Suivant les diff\u00e9rentes manifestations organis\u00e9es voir notre page FACEBOOOK <a rel=\"noreferrer noopener\" href=\"http:\/\/www.facebook.com\/chateau.de.pailhes\" target=\"_blank\">http:\/\/www.facebook.com\/chateau.de.pailhes<\/a><\/li>\n<\/ul>\n\n\n\n<p><\/p>\n\n\n\n<p>CONTACT:   tel        05 61 69 98 94     email:   chateaudepailhes@sfr.fr <\/p>\n","protected":false},"excerpt":{"rendered":"<p>Le Ch\u00e2teau de Pailh\u00e8s est une propri\u00e9t\u00e9 priv\u00e9e. Il est ouvert au public durant quelques dates dans l&rsquo;ann\u00e9e et lors de manifestations de l&rsquo;association. En g\u00e9n\u00e9ral, aux journ\u00e9es du patrimoine en septembre (le troisi\u00e8me week-end). Le programme sur https:\/\/journeesdupatrimoine.culture.gouv.fr\/ CONTACT: tel 05 61 69 98 94 email: chateaudepailhes@sfr.fr<\/p>\n","protected":false},"author":1,"featured_media":0,"parent":0,"menu_order":0,"comment_status":"closed","ping_status":"closed","template":"","meta":{"footnotes":""},"class_list":["post-109","page","type-page","status-publish","hentry"],"_links":{"self":[{"href":"https:\/\/chateaudepailhes.fr\/index.php\/wp-json\/wp\/v2\/pages\/109","targetHints":{"allow":["GET"]}}],"collection":[{"href":"https:\/\/chateaudepailhes.fr\/index.php\/wp-json\/wp\/v2\/pages"}],"about":[{"href":"https:\/\/chateaudepailhes.fr\/index.php\/wp-json\/wp\/v2\/types\/page"}],"author":[{"embeddable":true,"href":"https:\/\/chateaudepailhes.fr\/index.php\/wp-json\/wp\/v2\/users\/1"}],"replies":[{"embeddable":true,"href":"https:\/\/chateaudepailhes.fr\/index.php\/wp-json\/wp\/v2\/comments?post=109"}],"version-history":[{"count":35,"href":"https:\/\/chateaudepailhes.fr\/index.php\/wp-json\/wp\/v2\/pages\/109\/revisions"}],"predecessor-version":[{"id":331,"href":"https:\/\/chateaudepailhes.fr\/index.php\/wp-json\/wp\/v2\/pages\/109\/revisions\/331"}],"wp:attachment":[{"href":"https:\/\/chateaudepailhes.fr\/index.php\/wp-json\/wp\/v2\/media?parent=109"}],"curies":[{"name":"wp","href":"https:\/\/api.w.org\/{rel}","templated":true}]}}